{"id":12,"date":"2012-05-11T15:23:49","date_gmt":"2012-05-11T15:23:49","guid":{"rendered":"http:\/\/www.rumoasantiago.com\/viadelaplata\/?page_id=12"},"modified":"2012-05-11T15:23:49","modified_gmt":"2012-05-11T15:23:49","slug":"sobre","status":"publish","type":"page","link":"https:\/\/www.rumoasantiago.com\/viadelaplata\/sobre\/","title":{"rendered":"Sobre"},"content":{"rendered":"<p>O projeto Rumo a Santiago nasce de uma experi\u00eancia pessoal anterior, ap\u00f3s percorrer o Caminho Portugu\u00eas em 2010.<!--more--><\/p>\n<p>Em crian\u00e7a, a bicicleta fazia parte da minha vida. Nunca esqueci esse desporto e em 2003 comprei a minha primeira bicicleta de BTT.<\/p>\n<p>Em 2010 fiz a minha primeira travessia de grande dist\u00e2ncia em bicicleta, percorrendo o Caminho Central Portugu\u00eas de Santiago, desde o Porto at\u00e9 Santiago de Compostela numa viagem de cerca de 250km.<br \/>\nNesse ano tudo mudou. Os Caminhos de Santiago s\u00e3o conhecidos, entre muitas outras coisas, por ter esse efeito nas pessoas. Independentemente das convic\u00e7\u00f5es e motiva\u00e7\u00f5es que levam cada um a percorr\u00ea-lo, h\u00e1 algo do Caminho a que \u00e9 imposs\u00edvel ficar indiferente.<br \/>\nPor isso em 2011 decidi repetir a experi\u00eancia, elevando um pouco a fasquia. Fiz a travessia do Caminho Franc\u00eas de Santiago atravessando os 800km que separam os Piren\u00e9us franceses de Santiago de Compostela.<\/p>\n<p>Nasceu assim o projeto Rumo a Santiago. Este projeto tem como objetivo a divulga\u00e7\u00e3o e partilha de experi\u00eancias de tudo o que est\u00e1 relacionado com os Caminhos de Santiago, disponibilizando para esse efeito o espa\u00e7o para partilha e discuss\u00e3o online num website pr\u00f3prio em www.rumoasantiago.com.<br \/>\nQuando comecei a esbo\u00e7ar este projeto, tive a sensa\u00e7\u00e3o que faltava algo essencial para o completar. Surge ent\u00e3o a vertente solid\u00e1ria deste projeto, com o apoio \u00e0 Associa\u00e7\u00e3o Acreditar na primeira edi\u00e7\u00e3o.<\/p>\n<p>A associa\u00e7\u00e3o Acreditar (Associa\u00e7\u00e3o de Pais e Amigos de Crian\u00e7as com Cancro) \u00e9 uma Associa\u00e7\u00e3o Particular de Solidariedade Social, fundada em 1993, que pretende ajudar as crian\u00e7as e as respetivas fam\u00edlias a superar melhor os diversos problemas que se colocam a partir do momento em que \u00e9 diagnosticado o cancro. A Acreditar vive essencialmente dos apoios dos seus associados (e amigos) e do trabalho de volunt\u00e1rios.<\/p>\n<p>Em 2012 o projeto Rumo a Santiago renova-se com uma nova travessia planeada. Desta vez ser\u00e1 a Via de la Plata, numa viagem mais de 1000 km realizados em bicicleta entre Sevilha e Santiago de Compostela. Sem hesita\u00e7\u00f5es, decidi apoiar novamente a Associa\u00e7\u00e3o Acreditar, da\u00ed o nome \u201cRumo a Santiago 2012 \u2013 Mil quil\u00f3metros para Acreditar\u201d.<\/p>\n<p>Por isso, fica a promessa de que este projeto ir\u00e1 evoluir todos os anos fornecendo informa\u00e7\u00e3o vital a todos os que procuram os Caminhos e apoiando sempre entidades que, de uma forma ou de outra, fazem da nossa sociedade algo um pouco melhor.<\/p>\n<div class=\"al2fb_like_button\"><div id=\"fb-root\"><\/div><script type=\"text\/javascript\">\n(function(d, s, id) {\n  var js, fjs = d.getElementsByTagName(s)[0];\n  if (d.getElementById(id)) return;\n  js = d.createElement(s); js.id = id;\n  js.src = \"\/\/connect.facebook.net\/pt_PT\/all.js#xfbml=1&appId=118672068213591\";\n  fjs.parentNode.insertBefore(js, fjs);\n}(document, \"script\", \"facebook-jssdk\"));\n<\/script>\n<fb:like href=\"https:\/\/www.rumoasantiago.com\/viadelaplata\/sobre\/\" layout=\"button_count\" show_faces=\"true\" share=\"false\" width=\"450\" action=\"like\" font=\"arial\" colorscheme=\"light\" ref=\"AL2FB\"><\/fb:like><\/div>","protected":false},"excerpt":{"rendered":"<p>O projeto Rumo a Santiago nasce de uma experi\u00eancia pessoal anterior, ap\u00f3s percorrer o Caminho Portugu\u00eas em 2010.<\/p>\n","protected":false},"author":1,"featured_media":0,"parent":0,"menu_order":0,"comment_status":"open","ping_status":"open","template":"","meta":[],"yoast_head":"<!-- This site is optimized with the Yoast SEO plugin v20.10 - https:\/\/yoast.com\/wordpress\/plugins\/seo\/ -->\n<title>Sobre - Via de la Plata<\/title>\n<meta name=\"robots\" content=\"index, follow, max-snippet:-1, max-image-preview:large, max-video-preview:-1\" \/>\n<link rel=\"canonical\" href=\"https:\/\/www.rumoasantiago.com\/viadelaplata\/sobre\/\" \/>\n<meta property=\"og:locale\" content=\"pt_PT\" \/>\n<meta property=\"og:type\" content=\"article\" \/>\n<meta property=\"og:title\" content=\"Sobre - Via de la Plata\" \/>\n<meta property=\"og:description\" content=\"O projeto Rumo a Santiago nasce de uma experi\u00eancia pessoal anterior, ap\u00f3s percorrer o Caminho Portugu\u00eas em 2010.\" \/>\n<meta property=\"og:url\" content=\"https:\/\/www.rumoasantiago.com\/viadelaplata\/sobre\/\" \/>\n<meta property=\"og:site_name\" content=\"Via de la Plata\" \/>\n<meta name=\"twitter:card\" content=\"summary_large_image\" \/>\n<meta name=\"twitter:label1\" content=\"Tempo estimado de leitura\" \/>\n\t<meta name=\"twitter:data1\" content=\"2 minutos\" \/>\n<script type=\"application\/ld+json\" class=\"yoast-schema-graph\">{\"@context\":\"https:\/\/schema.org\",\"@graph\":[{\"@type\":\"WebPage\",\"@id\":\"https:\/\/www.rumoasantiago.com\/viadelaplata\/sobre\/\",\"url\":\"https:\/\/www.rumoasantiago.com\/viadelaplata\/sobre\/\",\"name\":\"Sobre - Via de la Plata\",\"isPartOf\":{\"@id\":\"https:\/\/www.rumoasantiago.com\/viadelaplata\/#website\"},\"datePublished\":\"2012-05-11T15:23:49+00:00\",\"dateModified\":\"2012-05-11T15:23:49+00:00\",\"breadcrumb\":{\"@id\":\"https:\/\/www.rumoasantiago.com\/viadelaplata\/sobre\/#breadcrumb\"},\"inLanguage\":\"pt-PT\",\"potentialAction\":[{\"@type\":\"ReadAction\",\"target\":[\"https:\/\/www.rumoasantiago.com\/viadelaplata\/sobre\/\"]}]},{\"@type\":\"BreadcrumbList\",\"@id\":\"https:\/\/www.rumoasantiago.com\/viadelaplata\/sobre\/#breadcrumb\",\"itemListElement\":[{\"@type\":\"ListItem\",\"position\":1,\"name\":\"Home\",\"item\":\"https:\/\/www.rumoasantiago.com\/viadelaplata\/\"},{\"@type\":\"ListItem\",\"position\":2,\"name\":\"Sobre\"}]},{\"@type\":\"WebSite\",\"@id\":\"https:\/\/www.rumoasantiago.com\/viadelaplata\/#website\",\"url\":\"https:\/\/www.rumoasantiago.com\/viadelaplata\/\",\"name\":\"Via de la Plata\",\"description\":\"Travessia da Via de la Plata\",\"potentialAction\":[{\"@type\":\"SearchAction\",\"target\":{\"@type\":\"EntryPoint\",\"urlTemplate\":\"https:\/\/www.rumoasantiago.com\/viadelaplata\/?s={search_term_string}\"},\"query-input\":\"required name=search_term_string\"}],\"inLanguage\":\"pt-PT\"}]}<\/script>\n<!-- \/ Yoast SEO plugin. -->","yoast_head_json":{"title":"Sobre - Via de la Plata","robots":{"index":"index","follow":"follow","max-snippet":"max-snippet:-1","max-image-preview":"max-image-preview:large","max-video-preview":"max-video-preview:-1"},"canonical":"https:\/\/www.rumoasantiago.com\/viadelaplata\/sobre\/","og_locale":"pt_PT","og_type":"article","og_title":"Sobre - Via de la Plata","og_description":"O projeto Rumo a Santiago nasce de uma experi\u00eancia pessoal anterior, ap\u00f3s percorrer o Caminho Portugu\u00eas em 2010.","og_url":"https:\/\/www.rumoasantiago.com\/viadelaplata\/sobre\/","og_site_name":"Via de la Plata","twitter_card":"summary_large_image","twitter_misc":{"Tempo estimado de leitura":"2 minutos"},"schema":{"@context":"https:\/\/schema.org","@graph":[{"@type":"WebPage","@id":"https:\/\/www.rumoasantiago.com\/viadelaplata\/sobre\/","url":"https:\/\/www.rumoasantiago.com\/viadelaplata\/sobre\/","name":"Sobre - Via de la Plata","isPartOf":{"@id":"https:\/\/www.rumoasantiago.com\/viadelaplata\/#website"},"datePublished":"2012-05-11T15:23:49+00:00","dateModified":"2012-05-11T15:23:49+00:00","breadcrumb":{"@id":"https:\/\/www.rumoasantiago.com\/viadelaplata\/sobre\/#breadcrumb"},"inLanguage":"pt-PT","potentialAction":[{"@type":"ReadAction","target":["https:\/\/www.rumoasantiago.com\/viadelaplata\/sobre\/"]}]},{"@type":"BreadcrumbList","@id":"https:\/\/www.rumoasantiago.com\/viadelaplata\/sobre\/#breadcrumb","itemListElement":[{"@type":"ListItem","position":1,"name":"Home","item":"https:\/\/www.rumoasantiago.com\/viadelaplata\/"},{"@type":"ListItem","position":2,"name":"Sobre"}]},{"@type":"WebSite","@id":"https:\/\/www.rumoasantiago.com\/viadelaplata\/#website","url":"https:\/\/www.rumoasantiago.com\/viadelaplata\/","name":"Via de la Plata","description":"Travessia da Via de la Plata","potentialAction":[{"@type":"SearchAction","target":{"@type":"EntryPoint","urlTemplate":"https:\/\/www.rumoasantiago.com\/viadelaplata\/?s={search_term_string}"},"query-input":"required name=search_term_string"}],"inLanguage":"pt-PT"}]}},"publishpress_future_action":{"enabled":false,"date":"0","action":"","terms":[],"taxonomy":""},"_links":{"self":[{"href":"https:\/\/www.rumoasantiago.com\/viadelaplata\/wp-json\/wp\/v2\/pages\/12"}],"collection":[{"href":"https:\/\/www.rumoasantiago.com\/viadelaplata\/wp-json\/wp\/v2\/pages"}],"about":[{"href":"https:\/\/www.rumoasantiago.com\/viadelaplata\/wp-json\/wp\/v2\/types\/page"}],"author":[{"embeddable":true,"href":"https:\/\/www.rumoasantiago.com\/viadelaplata\/wp-json\/wp\/v2\/users\/1"}],"replies":[{"embeddable":true,"href":"https:\/\/www.rumoasantiago.com\/viadelaplata\/wp-json\/wp\/v2\/comments?post=12"}],"version-history":[{"count":2,"href":"https:\/\/www.rumoasantiago.com\/viadelaplata\/wp-json\/wp\/v2\/pages\/12\/revisions"}],"predecessor-version":[{"id":470,"href":"https:\/\/www.rumoasantiago.com\/viadelaplata\/wp-json\/wp\/v2\/pages\/12\/revisions\/470"}],"wp:attachment":[{"href":"https:\/\/www.rumoasantiago.com\/viadelaplata\/wp-json\/wp\/v2\/media?parent=12"}],"curies":[{"name":"wp","href":"https:\/\/api.w.org\/{rel}","templated":true}]}}

<p>O projeto Rumo a Santiago nasce de uma experiência pessoal anterior, após percorrer o Caminho Português em 2010.<!--more--></p>
<p>Em criança, a bicicleta fazia parte da minha vida. Nunca esqueci esse desporto e em 2003 comprei a minha primeira bicicleta de BTT.</p>
<p>Em 2010 fiz a minha primeira travessia de grande distância em bicicleta, percorrendo o Caminho Central Português de Santiago, desde o Porto até Santiago de Compostela numa viagem de cerca de 250km.<br />
Nesse ano tudo mudou. Os Caminhos de Santiago são conhecidos, entre muitas outras coisas, por ter esse efeito nas pessoas. Independentemente das convicções e motivações que levam cada um a percorrê-lo, há algo do Caminho a que é impossível ficar indiferente.<br />
Por isso em 2011 decidi repetir a experiência, elevando um pouco a fasquia. Fiz a travessia do Caminho Francês de Santiago atravessando os 800km que separam os Pirenéus franceses de Santiago de Compostela.</p>
<p>Nasceu assim o projeto Rumo a Santiago. Este projeto tem como objetivo a divulgação e partilha de experiências de tudo o que está relacionado com os Caminhos de Santiago, disponibilizando para esse efeito o espaço para partilha e discussão online num website próprio em www.rumoasantiago.com.<br />
Quando comecei a esboçar este projeto, tive a sensação que faltava algo essencial para o completar. Surge então a vertente solidária deste projeto, com o apoio à Associação Acreditar na primeira edição.</p>
<p>A associação Acreditar (Associação de Pais e Amigos de Crianças com Cancro) é uma Associação Particular de Solidariedade Social, fundada em 1993, que pretende ajudar as crianças e as respetivas famílias a superar melhor os diversos problemas que se colocam a partir do momento em que é diagnosticado o cancro. A Acreditar vive essencialmente dos apoios dos seus associados (e amigos) e do trabalho de voluntários.</p>
<p>Em 2012 o projeto Rumo a Santiago renova-se com uma nova travessia planeada. Desta vez será a Via de la Plata, numa viagem mais de 1000 km realizados em bicicleta entre Sevilha e Santiago de Compostela. Sem hesitações, decidi apoiar novamente a Associação Acreditar, daí o nome “Rumo a Santiago 2012 – Mil quilómetros para Acreditar”.</p>
<p>Por isso, fica a promessa de que este projeto irá evoluir todos os anos fornecendo informação vital a todos os que procuram os Caminhos e apoiando sempre entidades que, de uma forma ou de outra, fazem da nossa sociedade algo um pouco melhor.</p>
<div class="al2fb_like_button"><div id="fb-root"></div><script type="text/javascript">
(function(d, s, id) {
  var js, fjs = d.getElementsByTagName(s)[0];
  if (d.getElementById(id)) return;
  js = d.createElement(s); js.id = id;
  js.src = "//connect.facebook.net/pt_PT/all.js#xfbml=1&appId=118672068213591";
  fjs.parentNode.insertBefore(js, fjs);
}(document, "script", "facebook-jssdk"));
</script>
<fb:like href="https://www.rumoasantiago.com/viadelaplata/sobre/" layout="button_count" show_faces="true" share="false" width="450" action="like" font="arial" colorscheme="light" ref="AL2FB"></fb:like></div>

<p>O projeto Rumo a Santiago nasce de uma experiência pessoal anterior, após percorrer o Caminho Português em 2010.</p>

<!-- This site is optimized with the Yoast SEO plugin v20.10 - https://yoast.com/wordpress/plugins/seo/ -->
<title>Sobre - Via de la Plata</title>
<meta name="robots" content="index, follow, max-snippet:-1, max-image-preview:large, max-video-preview:-1" />
<link rel="canonical" href="https://www.rumoasantiago.com/viadelaplata/sobre/" />
<meta property="og:locale" content="pt_PT" />
<meta property="og:type" content="article" />
<meta property="og:title" content="Sobre - Via de la Plata" />
<meta property="og:description" content="O projeto Rumo a Santiago nasce de uma experiência pessoal anterior, após percorrer o Caminho Português em 2010." />
<meta property="og:url" content="https://www.rumoasantiago.com/viadelaplata/sobre/" />
<meta property="og:site_name" content="Via de la Plata" />
<meta name="twitter:card" content="summary_large_image" />
<meta name="twitter:label1" content="Tempo estimado de leitura" />
	<meta name="twitter:data1" content="2 minutos" />
<script type="application/ld+json" class="yoast-schema-graph">{"@context":"https://schema.org","@graph":[{"@type":"WebPage","@id":"https://www.rumoasantiago.com/viadelaplata/sobre/","url":"https://www.rumoasantiago.com/viadelaplata/sobre/","name":"Sobre - Via de la Plata","isPartOf":{"@id":"https://www.rumoasantiago.com/viadelaplata/#website"},"datePublished":"2012-05-11T15:23:49+00:00","dateModified":"2012-05-11T15:23:49+00:00","breadcrumb":{"@id":"https://www.rumoasantiago.com/viadelaplata/sobre/#breadcrumb"},"inLanguage":"pt-PT","potentialAction":[{"@type":"ReadAction","target":["https://www.rumoasantiago.com/viadelaplata/sobre/"]}]},{"@type":"BreadcrumbList","@id":"https://www.rumoasantiago.com/viadelaplata/sobre/#breadcrumb","itemListElement":[{"@type":"ListItem","position":1,"name":"Home","item":"https://www.rumoasantiago.com/viadelaplata/"},{"@type":"ListItem","position":2,"name":"Sobre"}]},{"@type":"WebSite","@id":"https://www.rumoasantiago.com/viadelaplata/#website","url":"https://www.rumoasantiago.com/viadelaplata/","name":"Via de la Plata","description":"Travessia da Via de la Plata","potentialAction":[{"@type":"SearchAction","target":{"@type":"EntryPoint","urlTemplate":"https://www.rumoasantiago.com/viadelaplata/?s={search_term_string}"},"query-input":"required name=search_term_string"}],"inLanguage":"pt-PT"}]}</script>
<!-- / Yoast SEO plugin. -->

O projeto Rumo a Santiago nasce de uma experiência pessoal anterior, após percorrer o Caminho Português em 2010.
