{"id":10,"date":"2019-11-27T18:47:36","date_gmt":"2019-11-27T18:47:36","guid":{"rendered":"http:\/\/www.rumoasantiago.com\/salvador\/?page_id=10"},"modified":"2019-12-27T18:24:40","modified_gmt":"2019-12-27T18:24:40","slug":"caminho-salvador-2020-sobre","status":"publish","type":"page","link":"https:\/\/www.rumoasantiago.com\/salvador\/caminho-salvador-2020-sobre\/","title":{"rendered":"Caminho do Salvador 2020 &#8211; Sobre"},"content":{"rendered":"\n<div class=\"wp-block-image\"><figure class=\"alignleft size-large is-resized\"><img decoding=\"async\" loading=\"lazy\" src=\"https:\/\/lh3.googleusercontent.com\/MFSSaet2imnwtKCwe0KVR5wua4MCWfLr_Qdk1CHI1gvd1kt7eEd8xpbXk0ZkjqVteqxdXOQlcrYRBsmRQu4Thx5Sip5j0_7wg8WeAJfQVydUAHB1NS3k68LYKVMRtnpqLcT5JrChCSm7Hlvo8hRBrgAVTktJZmARxE8FcNN8N0qnEJhwRnrnnmmHp7lhhEMjr6Cd6e6-MOydxYbzK2833-n-3QbTzdQ911GN0Fz21HDSyXqulm_dY1r8_axTRrxWAN5VzGA38ddJiJKg3yzPjAA5oZmjYjmjCPOgOVQRCo8y-tEpRjAdVeMrGAWw5_-T0NzR6W5cBYQVaO3ToEMUoixJ0UHvayq73YHW1FWgnB9x1FM8ayLxY2DUQUEh6MV3juc-8n804j1ektOHKO52CWZaIR_sM46DnrMAHdJF0z_XPtHqYWzNPIW-BnAN7yOXVjT7TgBG87daHYMebcEGXkGoE08jcf-tFAMjYE-IoEV0I1bRTutf_Vn5i_FdUIH3WJXdB2pyI3III6Tz7PtUOxB3Zyq4bMghfmKFprve1JL2LwrYGDdtlIedN3RyJDkCFiH8xdliy_53gepkMwd_TOEG_6skqNT214tmUNDL1pNnz0ZsroY82rPxslPIQIFc8hk2pZEcW0FDTqpauN9XDH5kCjDuzyjlWi3xxeUFBIufPFvQSAFa6MQBIGClzrABlNAH-McnUh36HIK4VGdVrgVg8Vb1zBNMdMlWpCYjCS9DmkOL=w678-h903-no\" alt=\"Catedral de Santiago de Compostela em Agosto de 2010\" width=\"224\" height=\"299\"\/><\/figure><\/div>\n\n\n\n<p>Como provavelmente alguns dos seguidores do projeto Rumo a Santiago sabem, o Caminho de Santiago surgiu na minha vida no ano de 2010, o \u00faltimo ano Jacobeu. Desde ent\u00e3o que ano ap\u00f3s ano tenho feito o esfor\u00e7o para reservar algum tempo para fazer e conhecer um Novo Caminho de Santiago.<\/p>\n\n\n\n<p>Foi assim em 2010, no Caminho Central Portugu\u00eas desde o Porto, em 2011 no Caminho Franc\u00eas desde Saint-Jean-Pied-du-Port, em 2012 na Via de la Plata desde Sevilha, em 2013 no Caminho do Norte desde Ir\u00fan a que juntei Finisterra e Mux\u00eda, em 2014 no Caminho Sanabr\u00eas desde Ourense (uma estreia minha no Caminho a p\u00e9 e estreia absoluta da minha esposa no Caminho) e mais tarde nesse ano no Caminho Franc\u00eas desde Molinaseca, em 2015 no Caminho Primitivo desde Oviedo (tamb\u00e9m a p\u00e9), em 2016 no Caminho do Levante desde Val\u00eancia no regresso \u00e0s duas rodas, em 2017 num Caminho que juntou v\u00e1rios (Portugu\u00eas invertido desde Braga at\u00e9 Albergaria-a-Velha, Caminho do Caramulo e Vale do Vouga at\u00e9 Viseu, Caminho do Interior at\u00e9 Ver\u00edn, Sanabr\u00eas invertido e Via de la Plata \/ Franc\u00eas at\u00e9 Astorga, Caminho de Inverno), em 2018 no Caminho Moz\u00e1rabe desde Almer\u00eda e finalmente em 2019 no Caminho Ingl\u00eas, Finisterra e Mux\u00eda num regresso aos Caminhos a p\u00e9.<\/p>\n\n\n\n<p>Enfim, esta pequena (grande) deambula\u00e7\u00e3o serve para dizer que desde 2010 n\u00e3o houve forma de &#8220;combater&#8221; este \u00edmpeto de fazer o Caminho de Santiago e de apreciar durante umas semanas a paz e a alegria que s\u00f3 um Caminho de Santiago consegue proporcionar.<\/p>\n\n\n\n<p>O ano de 2020 n\u00e3o ir\u00e1 fugir a esta regra que j\u00e1 est\u00e1 mais do que estabelecida. Curioso pelos imensos relatos que tenho lido sobre o Caminho do Salvador e em grande parte motivado pelas cr\u00f3nicas que o peregrino Agostinho Leal tem vindo a partilhar no seu Facebook retiradas do seu livro O Caminho sob o Sil\u00eancio das Estrelas &#8211; Mem\u00f3rias de um Peregrino, cedo tomei a decis\u00e3o de escolher este como o meu Caminho para este ano.<\/p>\n\n\n\n<p>A bicicleta volta a ficar guardada na garagem para uma vez mais dar lugar ao par de botas. O objetivo ser\u00e1 percorrer o Caminho do Salvador desde Le\u00f3n at\u00e9 Oviedo, para depois a\u00ed reviver o Caminho Primitivo num arranjo de etapas ligeiramente diferente daquele que foi tra\u00e7ado para o ano de 2014, bem como o ep\u00edlogo a Finisterra e Mux\u00eda que tanto me agradou no meu \u00faltimo Caminho.<\/p>\n\n\n\n<p>Ser\u00e1 um Caminho muito pessoal, para fazer pela primeira vez sozinho a p\u00e9 (a experi\u00eancia de um Caminho a solo em bicicleta em 2017 e 2018 foi muito interessante e desejo por isso experienciar isso mas a caminhar).<\/p>\n\n\n\n<p>O desafio ser\u00e1, por isso, caminhar ao longo de 560 quil\u00f3metros num total de 21 dias (eventualmente menos, dependendo de como o corpo se comportar). Come\u00e7arei a caminhar no dia 23 de Maio, na expectativa de que a Primavera j\u00e1 tenha trazido algum calor.<\/p>\n\n\n\n<p>Com este novo Caminho regressa tamb\u00e9m o lado solid\u00e1rio do projeto Rumo a Santiago. A Associa\u00e7\u00e3o Acreditar j\u00e1 ganhou um espa\u00e7o muito especial no meu cora\u00e7\u00e3o e por isso volto a anunciar uma campanha solid\u00e1ria para apoiar esta Associa\u00e7\u00e3o em algo muito objetivo (como tem sido apan\u00e1gio das campanhas do projeto): este ano pretende-se canalizar os donativos recebidos para financiar diretamente a estadia de cada fam\u00edlia na Casa Acreditar, sendo que cada noite comporta um custo de cerca de 30EUR por fam\u00edlia.<\/p>\n\n\n\n<p>Os detalhes da campanha, do seu funcionamento e de como poder\u00e3o colaborar ser\u00e3o publicados a seu tempo. At\u00e9 l\u00e1 irei partilhar convosco toda a log\u00edstica e organiza\u00e7\u00e3o deste Caminho, esperando poder ajudar quem tiver estes Caminhos nos planos para os pr\u00f3ximos tempos.<\/p>\n\n\n\n<p>Bom Caminho!<\/p>\n","protected":false},"excerpt":{"rendered":"<p>Como provavelmente alguns dos seguidores do projeto Rumo a Santiago sabem, o Caminho de Santiago surgiu na minha vida no ano de 2010, o \u00faltimo ano Jacobeu. Desde ent\u00e3o que ano ap\u00f3s ano tenho&#46;&#46;&#46;<\/p>\n","protected":false},"author":1,"featured_media":69,"parent":0,"menu_order":0,"comment_status":"closed","ping_status":"closed","template":"","meta":[],"yoast_head":"<!-- This site is optimized with the Yoast SEO plugin v20.10 - https:\/\/yoast.com\/wordpress\/plugins\/seo\/ -->\n<title>Caminho do Salvador 2020 - Sobre - Caminho do Salvador<\/title>\n<meta name=\"robots\" content=\"index, follow, max-snippet:-1, max-image-preview:large, max-video-preview:-1\" \/>\n<link rel=\"canonical\" href=\"https:\/\/www.rumoasantiago.com\/salvador\/caminho-salvador-2020-sobre\/\" \/>\n<meta property=\"og:locale\" content=\"en_US\" \/>\n<meta property=\"og:type\" content=\"article\" \/>\n<meta property=\"og:title\" content=\"Rumo a Santiago em 2020: Caminho do Salvador\" \/>\n<meta property=\"og:description\" content=\"Como provavelmente alguns dos seguidores do projeto Rumo a Santiago sabem, o Caminho de Santiago surgiu na minha vida no ano de 2010, o \u00faltimo ano Jacobeu. Desde ent\u00e3o que ano ap\u00f3s ano tenho&#046;&#046;&#046;\" \/>\n<meta property=\"og:url\" content=\"https:\/\/www.rumoasantiago.com\/salvador\/caminho-salvador-2020-sobre\/\" \/>\n<meta property=\"og:site_name\" content=\"Caminho do Salvador\" \/>\n<meta property=\"article:modified_time\" content=\"2019-12-27T18:24:40+00:00\" \/>\n<meta property=\"og:image\" content=\"https:\/\/www.rumoasantiago.com\/salvador\/files\/2019\/12\/IMG_3961.jpg\" \/>\n\t<meta property=\"og:image:width\" content=\"677\" \/>\n\t<meta property=\"og:image:height\" content=\"903\" \/>\n\t<meta property=\"og:image:type\" content=\"image\/jpeg\" \/>\n<meta name=\"twitter:card\" content=\"summary_large_image\" \/>\n<meta name=\"twitter:label1\" content=\"Est. reading time\" \/>\n\t<meta name=\"twitter:data1\" content=\"3 minutes\" \/>\n<script type=\"application\/ld+json\" class=\"yoast-schema-graph\">{\"@context\":\"https:\/\/schema.org\",\"@graph\":[{\"@type\":\"WebPage\",\"@id\":\"https:\/\/www.rumoasantiago.com\/salvador\/caminho-salvador-2020-sobre\/\",\"url\":\"https:\/\/www.rumoasantiago.com\/salvador\/caminho-salvador-2020-sobre\/\",\"name\":\"Caminho do Salvador 2020 - Sobre - Caminho do Salvador\",\"isPartOf\":{\"@id\":\"https:\/\/www.rumoasantiago.com\/salvador\/#website\"},\"datePublished\":\"2019-11-27T18:47:36+00:00\",\"dateModified\":\"2019-12-27T18:24:40+00:00\",\"breadcrumb\":{\"@id\":\"https:\/\/www.rumoasantiago.com\/salvador\/caminho-salvador-2020-sobre\/#breadcrumb\"},\"inLanguage\":\"en-US\",\"potentialAction\":[{\"@type\":\"ReadAction\",\"target\":[\"https:\/\/www.rumoasantiago.com\/salvador\/caminho-salvador-2020-sobre\/\"]}]},{\"@type\":\"BreadcrumbList\",\"@id\":\"https:\/\/www.rumoasantiago.com\/salvador\/caminho-salvador-2020-sobre\/#breadcrumb\",\"itemListElement\":[{\"@type\":\"ListItem\",\"position\":1,\"name\":\"Home\",\"item\":\"https:\/\/www.rumoasantiago.com\/salvador\/\"},{\"@type\":\"ListItem\",\"position\":2,\"name\":\"Caminho do Salvador 2020 &#8211; Sobre\"}]},{\"@type\":\"WebSite\",\"@id\":\"https:\/\/www.rumoasantiago.com\/salvador\/#website\",\"url\":\"https:\/\/www.rumoasantiago.com\/salvador\/\",\"name\":\"Caminho do Salvador\",\"description\":\"Rumo a Santiago\",\"potentialAction\":[{\"@type\":\"SearchAction\",\"target\":{\"@type\":\"EntryPoint\",\"urlTemplate\":\"https:\/\/www.rumoasantiago.com\/salvador\/?s={search_term_string}\"},\"query-input\":\"required name=search_term_string\"}],\"inLanguage\":\"en-US\"}]}<\/script>\n<!-- \/ Yoast SEO plugin. -->","yoast_head_json":{"title":"Caminho do Salvador 2020 - Sobre - Caminho do Salvador","robots":{"index":"index","follow":"follow","max-snippet":"max-snippet:-1","max-image-preview":"max-image-preview:large","max-video-preview":"max-video-preview:-1"},"canonical":"https:\/\/www.rumoasantiago.com\/salvador\/caminho-salvador-2020-sobre\/","og_locale":"en_US","og_type":"article","og_title":"Rumo a Santiago em 2020: Caminho do Salvador","og_description":"Como provavelmente alguns dos seguidores do projeto Rumo a Santiago sabem, o Caminho de Santiago surgiu na minha vida no ano de 2010, o \u00faltimo ano Jacobeu. Desde ent\u00e3o que ano ap\u00f3s ano tenho&#46;&#46;&#46;","og_url":"https:\/\/www.rumoasantiago.com\/salvador\/caminho-salvador-2020-sobre\/","og_site_name":"Caminho do Salvador","article_modified_time":"2019-12-27T18:24:40+00:00","og_image":[{"width":677,"height":903,"url":"https:\/\/www.rumoasantiago.com\/salvador\/files\/2019\/12\/IMG_3961.jpg","type":"image\/jpeg"}],"twitter_card":"summary_large_image","twitter_misc":{"Est. reading time":"3 minutes"},"schema":{"@context":"https:\/\/schema.org","@graph":[{"@type":"WebPage","@id":"https:\/\/www.rumoasantiago.com\/salvador\/caminho-salvador-2020-sobre\/","url":"https:\/\/www.rumoasantiago.com\/salvador\/caminho-salvador-2020-sobre\/","name":"Caminho do Salvador 2020 - Sobre - Caminho do Salvador","isPartOf":{"@id":"https:\/\/www.rumoasantiago.com\/salvador\/#website"},"datePublished":"2019-11-27T18:47:36+00:00","dateModified":"2019-12-27T18:24:40+00:00","breadcrumb":{"@id":"https:\/\/www.rumoasantiago.com\/salvador\/caminho-salvador-2020-sobre\/#breadcrumb"},"inLanguage":"en-US","potentialAction":[{"@type":"ReadAction","target":["https:\/\/www.rumoasantiago.com\/salvador\/caminho-salvador-2020-sobre\/"]}]},{"@type":"BreadcrumbList","@id":"https:\/\/www.rumoasantiago.com\/salvador\/caminho-salvador-2020-sobre\/#breadcrumb","itemListElement":[{"@type":"ListItem","position":1,"name":"Home","item":"https:\/\/www.rumoasantiago.com\/salvador\/"},{"@type":"ListItem","position":2,"name":"Caminho do Salvador 2020 &#8211; Sobre"}]},{"@type":"WebSite","@id":"https:\/\/www.rumoasantiago.com\/salvador\/#website","url":"https:\/\/www.rumoasantiago.com\/salvador\/","name":"Caminho do Salvador","description":"Rumo a Santiago","potentialAction":[{"@type":"SearchAction","target":{"@type":"EntryPoint","urlTemplate":"https:\/\/www.rumoasantiago.com\/salvador\/?s={search_term_string}"},"query-input":"required name=search_term_string"}],"inLanguage":"en-US"}]}},"publishpress_future_action":{"enabled":false,"date":"0","action":"","terms":[],"taxonomy":""},"_links":{"self":[{"href":"https:\/\/www.rumoasantiago.com\/salvador\/wp-json\/wp\/v2\/pages\/10"}],"collection":[{"href":"https:\/\/www.rumoasantiago.com\/salvador\/wp-json\/wp\/v2\/pages"}],"about":[{"href":"https:\/\/www.rumoasantiago.com\/salvador\/wp-json\/wp\/v2\/types\/page"}],"author":[{"embeddable":true,"href":"https:\/\/www.rumoasantiago.com\/salvador\/wp-json\/wp\/v2\/users\/1"}],"replies":[{"embeddable":true,"href":"https:\/\/www.rumoasantiago.com\/salvador\/wp-json\/wp\/v2\/comments?post=10"}],"version-history":[{"count":6,"href":"https:\/\/www.rumoasantiago.com\/salvador\/wp-json\/wp\/v2\/pages\/10\/revisions"}],"predecessor-version":[{"id":68,"href":"https:\/\/www.rumoasantiago.com\/salvador\/wp-json\/wp\/v2\/pages\/10\/revisions\/68"}],"wp:featuredmedia":[{"embeddable":true,"href":"https:\/\/www.rumoasantiago.com\/salvador\/wp-json\/wp\/v2\/media\/69"}],"wp:attachment":[{"href":"https:\/\/www.rumoasantiago.com\/salvador\/wp-json\/wp\/v2\/media?parent=10"}],"curies":[{"name":"wp","href":"https:\/\/api.w.org\/{rel}","templated":true}]}}

<div class="wp-block-image"><figure class="alignleft size-large is-resized"><img decoding="async" loading="lazy" src="https://lh3.googleusercontent.com/MFSSaet2imnwtKCwe0KVR5wua4MCWfLr_Qdk1CHI1gvd1kt7eEd8xpbXk0ZkjqVteqxdXOQlcrYRBsmRQu4Thx5Sip5j0_7wg8WeAJfQVydUAHB1NS3k68LYKVMRtnpqLcT5JrChCSm7Hlvo8hRBrgAVTktJZmARxE8FcNN8N0qnEJhwRnrnnmmHp7lhhEMjr6Cd6e6-MOydxYbzK2833-n-3QbTzdQ911GN0Fz21HDSyXqulm_dY1r8_axTRrxWAN5VzGA38ddJiJKg3yzPjAA5oZmjYjmjCPOgOVQRCo8y-tEpRjAdVeMrGAWw5_-T0NzR6W5cBYQVaO3ToEMUoixJ0UHvayq73YHW1FWgnB9x1FM8ayLxY2DUQUEh6MV3juc-8n804j1ektOHKO52CWZaIR_sM46DnrMAHdJF0z_XPtHqYWzNPIW-BnAN7yOXVjT7TgBG87daHYMebcEGXkGoE08jcf-tFAMjYE-IoEV0I1bRTutf_Vn5i_FdUIH3WJXdB2pyI3III6Tz7PtUOxB3Zyq4bMghfmKFprve1JL2LwrYGDdtlIedN3RyJDkCFiH8xdliy_53gepkMwd_TOEG_6skqNT214tmUNDL1pNnz0ZsroY82rPxslPIQIFc8hk2pZEcW0FDTqpauN9XDH5kCjDuzyjlWi3xxeUFBIufPFvQSAFa6MQBIGClzrABlNAH-McnUh36HIK4VGdVrgVg8Vb1zBNMdMlWpCYjCS9DmkOL=w678-h903-no" alt="Catedral de Santiago de Compostela em Agosto de 2010" width="224" height="299"/></figure></div>



<p>Como provavelmente alguns dos seguidores do projeto Rumo a Santiago sabem, o Caminho de Santiago surgiu na minha vida no ano de 2010, o último ano Jacobeu. Desde então que ano após ano tenho feito o esforço para reservar algum tempo para fazer e conhecer um Novo Caminho de Santiago.</p>



<p>Foi assim em 2010, no Caminho Central Português desde o Porto, em 2011 no Caminho Francês desde Saint-Jean-Pied-du-Port, em 2012 na Via de la Plata desde Sevilha, em 2013 no Caminho do Norte desde Irún a que juntei Finisterra e Muxía, em 2014 no Caminho Sanabrês desde Ourense (uma estreia minha no Caminho a pé e estreia absoluta da minha esposa no Caminho) e mais tarde nesse ano no Caminho Francês desde Molinaseca, em 2015 no Caminho Primitivo desde Oviedo (também a pé), em 2016 no Caminho do Levante desde Valência no regresso às duas rodas, em 2017 num Caminho que juntou vários (Português invertido desde Braga até Albergaria-a-Velha, Caminho do Caramulo e Vale do Vouga até Viseu, Caminho do Interior até Verín, Sanabrês invertido e Via de la Plata / Francês até Astorga, Caminho de Inverno), em 2018 no Caminho Mozárabe desde Almería e finalmente em 2019 no Caminho Inglês, Finisterra e Muxía num regresso aos Caminhos a pé.</p>



<p>Enfim, esta pequena (grande) deambulação serve para dizer que desde 2010 não houve forma de &#8220;combater&#8221; este ímpeto de fazer o Caminho de Santiago e de apreciar durante umas semanas a paz e a alegria que só um Caminho de Santiago consegue proporcionar.</p>



<p>O ano de 2020 não irá fugir a esta regra que já está mais do que estabelecida. Curioso pelos imensos relatos que tenho lido sobre o Caminho do Salvador e em grande parte motivado pelas crónicas que o peregrino Agostinho Leal tem vindo a partilhar no seu Facebook retiradas do seu livro O Caminho sob o Silêncio das Estrelas &#8211; Memórias de um Peregrino, cedo tomei a decisão de escolher este como o meu Caminho para este ano.</p>



<p>A bicicleta volta a ficar guardada na garagem para uma vez mais dar lugar ao par de botas. O objetivo será percorrer o Caminho do Salvador desde León até Oviedo, para depois aí reviver o Caminho Primitivo num arranjo de etapas ligeiramente diferente daquele que foi traçado para o ano de 2014, bem como o epílogo a Finisterra e Muxía que tanto me agradou no meu último Caminho.</p>



<p>Será um Caminho muito pessoal, para fazer pela primeira vez sozinho a pé (a experiência de um Caminho a solo em bicicleta em 2017 e 2018 foi muito interessante e desejo por isso experienciar isso mas a caminhar).</p>



<p>O desafio será, por isso, caminhar ao longo de 560 quilómetros num total de 21 dias (eventualmente menos, dependendo de como o corpo se comportar). Começarei a caminhar no dia 23 de Maio, na expectativa de que a Primavera já tenha trazido algum calor.</p>



<p>Com este novo Caminho regressa também o lado solidário do projeto Rumo a Santiago. A Associação Acreditar já ganhou um espaço muito especial no meu coração e por isso volto a anunciar uma campanha solidária para apoiar esta Associação em algo muito objetivo (como tem sido apanágio das campanhas do projeto): este ano pretende-se canalizar os donativos recebidos para financiar diretamente a estadia de cada família na Casa Acreditar, sendo que cada noite comporta um custo de cerca de 30EUR por família.</p>



<p>Os detalhes da campanha, do seu funcionamento e de como poderão colaborar serão publicados a seu tempo. Até lá irei partilhar convosco toda a logística e organização deste Caminho, esperando poder ajudar quem tiver estes Caminhos nos planos para os próximos tempos.</p>



<p>Bom Caminho!</p>

<p>Como provavelmente alguns dos seguidores do projeto Rumo a Santiago sabem, o Caminho de Santiago surgiu na minha vida no ano de 2010, o último ano Jacobeu. Desde então que ano após ano tenho&#46;&#46;&#46;</p>

<!-- This site is optimized with the Yoast SEO plugin v20.10 - https://yoast.com/wordpress/plugins/seo/ -->
<title>Caminho do Salvador 2020 - Sobre - Caminho do Salvador</title>
<meta name="robots" content="index, follow, max-snippet:-1, max-image-preview:large, max-video-preview:-1" />
<link rel="canonical" href="https://www.rumoasantiago.com/salvador/caminho-salvador-2020-sobre/" />
<meta property="og:locale" content="en_US" />
<meta property="og:type" content="article" />
<meta property="og:title" content="Rumo a Santiago em 2020: Caminho do Salvador" />
<meta property="og:description" content="Como provavelmente alguns dos seguidores do projeto Rumo a Santiago sabem, o Caminho de Santiago surgiu na minha vida no ano de 2010, o último ano Jacobeu. Desde então que ano após ano tenho&#046;&#046;&#046;" />
<meta property="og:url" content="https://www.rumoasantiago.com/salvador/caminho-salvador-2020-sobre/" />
<meta property="og:site_name" content="Caminho do Salvador" />
<meta property="article:modified_time" content="2019-12-27T18:24:40+00:00" />
<meta property="og:image" content="https://www.rumoasantiago.com/salvador/files/2019/12/IMG_3961.jpg" />
	<meta property="og:image:width" content="677" />
	<meta property="og:image:height" content="903" />
	<meta property="og:image:type" content="image/jpeg" />
<meta name="twitter:card" content="summary_large_image" />
<meta name="twitter:label1" content="Est. reading time" />
	<meta name="twitter:data1" content="3 minutes" />
<script type="application/ld+json" class="yoast-schema-graph">{"@context":"https://schema.org","@graph":[{"@type":"WebPage","@id":"https://www.rumoasantiago.com/salvador/caminho-salvador-2020-sobre/","url":"https://www.rumoasantiago.com/salvador/caminho-salvador-2020-sobre/","name":"Caminho do Salvador 2020 - Sobre - Caminho do Salvador","isPartOf":{"@id":"https://www.rumoasantiago.com/salvador/#website"},"datePublished":"2019-11-27T18:47:36+00:00","dateModified":"2019-12-27T18:24:40+00:00","breadcrumb":{"@id":"https://www.rumoasantiago.com/salvador/caminho-salvador-2020-sobre/#breadcrumb"},"inLanguage":"en-US","potentialAction":[{"@type":"ReadAction","target":["https://www.rumoasantiago.com/salvador/caminho-salvador-2020-sobre/"]}]},{"@type":"BreadcrumbList","@id":"https://www.rumoasantiago.com/salvador/caminho-salvador-2020-sobre/#breadcrumb","itemListElement":[{"@type":"ListItem","position":1,"name":"Home","item":"https://www.rumoasantiago.com/salvador/"},{"@type":"ListItem","position":2,"name":"Caminho do Salvador 2020 &#8211; Sobre"}]},{"@type":"WebSite","@id":"https://www.rumoasantiago.com/salvador/#website","url":"https://www.rumoasantiago.com/salvador/","name":"Caminho do Salvador","description":"Rumo a Santiago","potentialAction":[{"@type":"SearchAction","target":{"@type":"EntryPoint","urlTemplate":"https://www.rumoasantiago.com/salvador/?s={search_term_string}"},"query-input":"required name=search_term_string"}],"inLanguage":"en-US"}]}</script>
<!-- / Yoast SEO plugin. -->

Como provavelmente alguns dos seguidores do projeto Rumo a Santiago sabem, o Caminho de Santiago surgiu na minha vida no ano de 2010, o último ano Jacobeu. Desde então que ano após ano tenho&#46;&#46;&#46;
