{"version":"1.0","provider_name":"Caminho do Levante","provider_url":"https:\/\/www.rumoasantiago.com\/levante","author_name":"norberto","author_url":"https:\/\/www.rumoasantiago.com\/levante\/author\/norberto\/","title":"Etapa 14 - \u00c0s portas de Santiago - Caminho do Levante","type":"rich","width":600,"height":338,"html":"<blockquote class=\"wp-embedded-content\" data-secret=\"YYXPvIdqTU\"><a href=\"https:\/\/www.rumoasantiago.com\/levante\/etapa-14-as-portas-de-santiago\/\">Etapa 14 &#8211; \u00c0s portas de Santiago<\/a><\/blockquote><iframe sandbox=\"allow-scripts\" security=\"restricted\" src=\"https:\/\/www.rumoasantiago.com\/levante\/etapa-14-as-portas-de-santiago\/embed\/#?secret=YYXPvIdqTU\" width=\"600\" height=\"338\" title=\"&#8220;Etapa 14 &#8211; \u00c0s portas de Santiago&#8221; &#8212; Caminho do Levante\" data-secret=\"YYXPvIdqTU\" frameborder=\"0\" marginwidth=\"0\" marginheight=\"0\" scrolling=\"no\" class=\"wp-embedded-content\"><\/iframe><script type=\"text\/javascript\">\n\/*! This file is auto-generated *\/\n!function(c,d){\"use strict\";var e=!1,o=!1;if(d.querySelector)if(c.addEventListener)e=!0;if(c.wp=c.wp||{},c.wp.receiveEmbedMessage);else if(c.wp.receiveEmbedMessage=function(e){var t=e.data;if(!t);else if(!(t.secret||t.message||t.value));else if(\/[^a-zA-Z0-9]\/.test(t.secret));else{for(var r,s,a,i=d.querySelectorAll('iframe[data-secret=\"'+t.secret+'\"]'),n=d.querySelectorAll('blockquote[data-secret=\"'+t.secret+'\"]'),o=new RegExp(\"^https?:$\",\"i\"),l=0;l<n.length;l++)n[l].style.display=\"none\";for(l=0;l<i.length;l++)if(r=i[l],e.source!==r.contentWindow);else{if(r.removeAttribute(\"style\"),\"height\"===t.message){if(1e3<(s=parseInt(t.value,10)))s=1e3;else if(~~s<200)s=200;r.height=s}if(\"link\"===t.message)if(s=d.createElement(\"a\"),a=d.createElement(\"a\"),s.href=r.getAttribute(\"src\"),a.href=t.value,!o.test(a.protocol));else if(a.host===s.host)if(d.activeElement===r)c.top.location.href=t.value}}},e)c.addEventListener(\"message\",c.wp.receiveEmbedMessage,!1),d.addEventListener(\"DOMContentLoaded\",t,!1),c.addEventListener(\"load\",t,!1);function t(){if(o);else{o=!0;for(var e,t,r,s=-1!==navigator.appVersion.indexOf(\"MSIE 10\"),a=!!navigator.userAgent.match(\/Trident.*rv:11\\.\/),i=d.querySelectorAll(\"iframe.wp-embedded-content\"),n=0;n<i.length;n++){if(!(r=(t=i[n]).getAttribute(\"data-secret\")))r=Math.random().toString(36).substr(2,10),t.src+=\"#?secret=\"+r,t.setAttribute(\"data-secret\",r);if(s||a)(e=t.cloneNode(!0)).removeAttribute(\"security\"),t.parentNode.replaceChild(e,t);t.contentWindow.postMessage({message:\"ready\",secret:r},\"*\")}}}}(window,document);\n<\/script>\n","description":"J\u00e1 come\u00e7a a sentir-se a proximidade de Santiago de Compostela. A dist\u00e2ncia que nos separava hoje de manh\u00e3 de Santiago j\u00e1 estava pr\u00f3xima dos 100 quil\u00f3metros e isso come\u00e7a a notar-se no Caminho. Tratando-se da localidade mais pr\u00f3xima dos 100 quil\u00f3metros de dist\u00e2ncia de Santiago, Ourense \u00e9 o ponto de in\u00edcio de Caminho de muitos [&hellip;]","thumbnail_url":"http:\/\/www.rumoasantiago.com\/levante\/files\/2016\/06\/14666268498567.jpg"}

Etapa 14 - Às portas de Santiago - Caminho do Levante

<blockquote class="wp-embedded-content" data-secret="YYXPvIdqTU"><a href="https://www.rumoasantiago.com/levante/etapa-14-as-portas-de-santiago/">Etapa 14 &#8211; Às portas de Santiago</a></blockquote><iframe sandbox="allow-scripts" security="restricted" src="https://www.rumoasantiago.com/levante/etapa-14-as-portas-de-santiago/embed/#?secret=YYXPvIdqTU" width="600" height="338" title="&#8220;Etapa 14 &#8211; Às portas de Santiago&#8221; &#8212; Caminho do Levante" data-secret="YYXPvIdqTU" frameborder="0" marginwidth="0" marginheight="0" scrolling="no" class="wp-embedded-content"></iframe><script type="text/javascript">
/*! This file is auto-generated */
!function(c,d){"use strict";var e=!1,o=!1;if(d.querySelector)if(c.addEventListener)e=!0;if(c.wp=c.wp||{},c.wp.receiveEmbedMessage);else if(c.wp.receiveEmbedMessage=function(e){var t=e.data;if(!t);else if(!(t.secret||t.message||t.value));else if(/[^a-zA-Z0-9]/.test(t.secret));else{for(var r,s,a,i=d.querySelectorAll('iframe[data-secret="'+t.secret+'"]'),n=d.querySelectorAll('blockquote[data-secret="'+t.secret+'"]'),o=new RegExp("^https?:$","i"),l=0;l<n.length;l++)n[l].style.display="none";for(l=0;l<i.length;l++)if(r=i[l],e.source!==r.contentWindow);else{if(r.removeAttribute("style"),"height"===t.message){if(1e3<(s=parseInt(t.value,10)))s=1e3;else if(~~s<200)s=200;r.height=s}if("link"===t.message)if(s=d.createElement("a"),a=d.createElement("a"),s.href=r.getAttribute("src"),a.href=t.value,!o.test(a.protocol));else if(a.host===s.host)if(d.activeElement===r)c.top.location.href=t.value}}},e)c.addEventListener("message",c.wp.receiveEmbedMessage,!1),d.addEventListener("DOMContentLoaded",t,!1),c.addEventListener("load",t,!1);function t(){if(o);else{o=!0;for(var e,t,r,s=-1!==navigator.appVersion.indexOf("MSIE 10"),a=!!navigator.userAgent.match(/Trident.*rv:11\./),i=d.querySelectorAll("iframe.wp-embedded-content"),n=0;n<i.length;n++){if(!(r=(t=i[n]).getAttribute("data-secret")))r=Math.random().toString(36).substr(2,10),t.src+="#?secret="+r,t.setAttribute("data-secret",r);if(s||a)(e=t.cloneNode(!0)).removeAttribute("security"),t.parentNode.replaceChild(e,t);t.contentWindow.postMessage({message:"ready",secret:r},"*")}}}}(window,document);
</script>

Já começa a sentir-se a proximidade de Santiago de Compostela. A distância que nos separava hoje de manhã de Santiago já estava próxima dos 100 quilómetros e isso começa a notar-se no Caminho. Tratando-se da localidade mais próxima dos 100 quilómetros de distância de Santiago, Ourense é o ponto de início de Caminho de muitos [&hellip;]
