{"id":963,"date":"2012-02-20T16:50:26","date_gmt":"2012-02-20T15:50:26","guid":{"rendered":"http:\/\/www.rumoasantiago.com\/?page_id=963"},"modified":"2012-02-20T17:01:10","modified_gmt":"2012-02-20T16:01:10","slug":"mil-quilometros-para-acreditar","status":"publish","type":"page","link":"https:\/\/www.rumoasantiago.com\/frances\/mil-quilometros-para-acreditar\/","title":{"rendered":"Mil quil\u00f3metros para Acreditar"},"content":{"rendered":"<p>O sucesso da travessia do Caminho Franc\u00eas de Santiago em 2011 cedo fez adivinhar que o projeto Rumo a Santiago estaria muito longe de parar por a\u00ed.<!--more--><\/p>\n<p>Os planos para uma nova viagem come\u00e7aram a ser delineados pouco tempo ap\u00f3s a travessia do Caminho Franc\u00eas. Perante as v\u00e1rias op\u00e7\u00f5es que se colocavam e que implicavam subir um pouco mais a fasquia quanto \u00e0 extens\u00e3o da viagem e desafio f\u00edsico, a op\u00e7\u00e3o recaiu sobre a Via de La Plata que, como os mais conhecedores destes assuntos do Caminho de Santiago sabem, \u00e9 o caminho que tem tem in\u00edcio em Sevilha, correspondendo ao mais longo Caminho de Santiago (prolonga-se em mais de 1000 quil\u00f3metros at\u00e9 Santiago de Compostela).<\/p>\n<p>Existem duas variantes ap\u00f3s Zamora, em que uma delas ruma em dire\u00e7\u00e3o ao norte, juntando-se ao Caminho Franc\u00eas em Astorga, e a outra segue na dire\u00e7\u00e3o noroeste (chamada de Variante Galega ou Caminho Sanabr\u00eas). Como o Caminho Franc\u00eas ainda est\u00e1 fresco na mem\u00f3ria, o Caminho Sanabr\u00eas ser\u00e1 a op\u00e7\u00e3o a seguir.<\/p>\n<p>Para poder desfrutar convenientemente da experi\u00eancia do Caminho, o percurso ir\u00e1 ser realizado em cerca de 16 etapas, cujo planeamento est\u00e1 em fase de ajuste para garantir etapas com dist\u00e2ncias e desn\u00edveis acumulados exequ\u00edveis.<\/p>\n<p>N\u00e3o poder\u00edamos tamb\u00e9m deixar de parte a vertente de solidariedade que este projeto tem. Em 2012 voltamos a apoiar a entidade que abra\u00e7\u00e1mos em 2011, lan\u00e7ando uma nova campanha para ajudar a Acreditar (Associa\u00e7\u00e3o de Pais e Amigos de Crian\u00e7as com Cancro). Os moldes dessa campanha ainda est\u00e3o a ser ultimados \u00e0 data da reda\u00e7\u00e3o deste texto e ser\u00e1 divulgada t\u00e3o brevemente quanto poss\u00edvel.<\/p>\n<p>Em finais de Julho iniciaremos mais uma aventura que se avizinha grandiosa. Esperamos poder contar com o apoio de todos aqueles que t\u00eam acompanhado este projeto e que, de alguma forma, se identificam com ele.<\/p>\n<p>\u00c9 ent\u00e3o desta forma sucinta que desvendamos um pouco mais da aventura de 2012, batizada de forma muito apropriada como &#8220;Rumo a Santiago 2012 &#8211; Mil quil\u00f3metros para Acreditar&#8221;.<\/p>\n<p>Buen Camino!<\/p>\n<div class=\"al2fb_like_button\"><div id=\"fb-root\"><\/div><script type=\"text\/javascript\">\n(function(d, s, id) {\n  var js, fjs = d.getElementsByTagName(s)[0];\n  if (d.getElementById(id)) return;\n  js = d.createElement(s); js.id = id;\n  js.src = \"\/\/connect.facebook.net\/pt_PT\/all.js#xfbml=1&appId=118672068213591\";\n  fjs.parentNode.insertBefore(js, fjs);\n}(document, \"script\", \"facebook-jssdk\"));\n<\/script>\n<fb:like href=\"https:\/\/www.rumoasantiago.com\/frances\/mil-quilometros-para-acreditar\/\" layout=\"button_count\" show_faces=\"true\" share=\"false\" width=\"450\" action=\"like\" font=\"arial\" colorscheme=\"light\" ref=\"AL2FB\"><\/fb:like><\/div>","protected":false},"excerpt":{"rendered":"<p>O sucesso da travessia do Caminho Franc\u00eas de Santiago em 2011 cedo fez adivinhar que o projeto Rumo a Santiago estaria muito longe de parar por a\u00ed.<\/p>\n","protected":false},"author":1,"featured_media":0,"parent":0,"menu_order":0,"comment_status":"open","ping_status":"open","template":"","meta":[],"yoast_head":"<!-- This site is optimized with the Yoast SEO plugin v20.10 - https:\/\/yoast.com\/wordpress\/plugins\/seo\/ -->\n<title>Mil quil\u00f3metros para Acreditar - Caminho Franc\u00eas de Santiago<\/title>\n<meta name=\"robots\" content=\"index, follow, max-snippet:-1, max-image-preview:large, max-video-preview:-1\" \/>\n<link rel=\"canonical\" href=\"https:\/\/www.rumoasantiago.com\/frances\/mil-quilometros-para-acreditar\/\" \/>\n<meta name=\"twitter:card\" content=\"summary_large_image\" \/>\n<meta name=\"twitter:title\" content=\"Mil quil\u00f3metros para Acreditar - Caminho Franc\u00eas de Santiago\" \/>\n<meta name=\"twitter:description\" content=\"O sucesso da travessia do Caminho Franc\u00eas de Santiago em 2011 cedo fez adivinhar que o projeto Rumo a Santiago estaria muito longe de parar por a\u00ed.\" \/>\n<meta name=\"twitter:label1\" content=\"Tempo estimado de leitura\" \/>\n\t<meta name=\"twitter:data1\" content=\"2 minutos\" \/>\n<script type=\"application\/ld+json\" class=\"yoast-schema-graph\">{\"@context\":\"https:\/\/schema.org\",\"@graph\":[{\"@type\":\"WebPage\",\"@id\":\"https:\/\/www.rumoasantiago.com\/frances\/mil-quilometros-para-acreditar\/\",\"url\":\"https:\/\/www.rumoasantiago.com\/frances\/mil-quilometros-para-acreditar\/\",\"name\":\"Mil quil\u00f3metros para Acreditar - Caminho Franc\u00eas de Santiago\",\"isPartOf\":{\"@id\":\"https:\/\/www.rumoasantiago.com\/frances\/#website\"},\"datePublished\":\"2012-02-20T15:50:26+00:00\",\"dateModified\":\"2012-02-20T16:01:10+00:00\",\"breadcrumb\":{\"@id\":\"https:\/\/www.rumoasantiago.com\/frances\/mil-quilometros-para-acreditar\/#breadcrumb\"},\"inLanguage\":\"pt-PT\",\"potentialAction\":[{\"@type\":\"ReadAction\",\"target\":[\"https:\/\/www.rumoasantiago.com\/frances\/mil-quilometros-para-acreditar\/\"]}]},{\"@type\":\"BreadcrumbList\",\"@id\":\"https:\/\/www.rumoasantiago.com\/frances\/mil-quilometros-para-acreditar\/#breadcrumb\",\"itemListElement\":[{\"@type\":\"ListItem\",\"position\":1,\"name\":\"Home\",\"item\":\"https:\/\/www.rumoasantiago.com\/frances\/\"},{\"@type\":\"ListItem\",\"position\":2,\"name\":\"Mil quil\u00f3metros para Acreditar\"}]},{\"@type\":\"WebSite\",\"@id\":\"https:\/\/www.rumoasantiago.com\/frances\/#website\",\"url\":\"https:\/\/www.rumoasantiago.com\/frances\/\",\"name\":\"Caminho Franc\u00eas de Santiago\",\"description\":\"Travessia do Caminho Franc\u00eas\",\"potentialAction\":[{\"@type\":\"SearchAction\",\"target\":{\"@type\":\"EntryPoint\",\"urlTemplate\":\"https:\/\/www.rumoasantiago.com\/frances\/?s={search_term_string}\"},\"query-input\":\"required name=search_term_string\"}],\"inLanguage\":\"pt-PT\"}]}<\/script>\n<!-- \/ Yoast SEO plugin. -->","yoast_head_json":{"title":"Mil quil\u00f3metros para Acreditar - Caminho Franc\u00eas de Santiago","robots":{"index":"index","follow":"follow","max-snippet":"max-snippet:-1","max-image-preview":"max-image-preview:large","max-video-preview":"max-video-preview:-1"},"canonical":"https:\/\/www.rumoasantiago.com\/frances\/mil-quilometros-para-acreditar\/","twitter_card":"summary_large_image","twitter_title":"Mil quil\u00f3metros para Acreditar - Caminho Franc\u00eas de Santiago","twitter_description":"O sucesso da travessia do Caminho Franc\u00eas de Santiago em 2011 cedo fez adivinhar que o projeto Rumo a Santiago estaria muito longe de parar por a\u00ed.","twitter_misc":{"Tempo estimado de leitura":"2 minutos"},"schema":{"@context":"https:\/\/schema.org","@graph":[{"@type":"WebPage","@id":"https:\/\/www.rumoasantiago.com\/frances\/mil-quilometros-para-acreditar\/","url":"https:\/\/www.rumoasantiago.com\/frances\/mil-quilometros-para-acreditar\/","name":"Mil quil\u00f3metros para Acreditar - Caminho Franc\u00eas de Santiago","isPartOf":{"@id":"https:\/\/www.rumoasantiago.com\/frances\/#website"},"datePublished":"2012-02-20T15:50:26+00:00","dateModified":"2012-02-20T16:01:10+00:00","breadcrumb":{"@id":"https:\/\/www.rumoasantiago.com\/frances\/mil-quilometros-para-acreditar\/#breadcrumb"},"inLanguage":"pt-PT","potentialAction":[{"@type":"ReadAction","target":["https:\/\/www.rumoasantiago.com\/frances\/mil-quilometros-para-acreditar\/"]}]},{"@type":"BreadcrumbList","@id":"https:\/\/www.rumoasantiago.com\/frances\/mil-quilometros-para-acreditar\/#breadcrumb","itemListElement":[{"@type":"ListItem","position":1,"name":"Home","item":"https:\/\/www.rumoasantiago.com\/frances\/"},{"@type":"ListItem","position":2,"name":"Mil quil\u00f3metros para Acreditar"}]},{"@type":"WebSite","@id":"https:\/\/www.rumoasantiago.com\/frances\/#website","url":"https:\/\/www.rumoasantiago.com\/frances\/","name":"Caminho Franc\u00eas de Santiago","description":"Travessia do Caminho Franc\u00eas","potentialAction":[{"@type":"SearchAction","target":{"@type":"EntryPoint","urlTemplate":"https:\/\/www.rumoasantiago.com\/frances\/?s={search_term_string}"},"query-input":"required name=search_term_string"}],"inLanguage":"pt-PT"}]}},"publishpress_future_action":{"enabled":false,"date":"0","action":"","terms":[],"taxonomy":""},"_links":{"self":[{"href":"https:\/\/www.rumoasantiago.com\/frances\/wp-json\/wp\/v2\/pages\/963"}],"collection":[{"href":"https:\/\/www.rumoasantiago.com\/frances\/wp-json\/wp\/v2\/pages"}],"about":[{"href":"https:\/\/www.rumoasantiago.com\/frances\/wp-json\/wp\/v2\/types\/page"}],"author":[{"embeddable":true,"href":"https:\/\/www.rumoasantiago.com\/frances\/wp-json\/wp\/v2\/users\/1"}],"replies":[{"embeddable":true,"href":"https:\/\/www.rumoasantiago.com\/frances\/wp-json\/wp\/v2\/comments?post=963"}],"version-history":[{"count":6,"href":"https:\/\/www.rumoasantiago.com\/frances\/wp-json\/wp\/v2\/pages\/963\/revisions"}],"predecessor-version":[{"id":965,"href":"https:\/\/www.rumoasantiago.com\/frances\/wp-json\/wp\/v2\/pages\/963\/revisions\/965"}],"wp:attachment":[{"href":"https:\/\/www.rumoasantiago.com\/frances\/wp-json\/wp\/v2\/media?parent=963"}],"curies":[{"name":"wp","href":"https:\/\/api.w.org\/{rel}","templated":true}]}}