{"id":632,"date":"2011-07-07T18:05:53","date_gmt":"2011-07-07T17:05:53","guid":{"rendered":"http:\/\/www.rumoasantiago.com\/wp-content\/blogs.dir\/3\/files\/2011\/07\/reconquista_070611.jpg"},"modified":"2011-07-07T18:05:53","modified_gmt":"2011-07-07T17:05:53","slug":"reconquista_070611","status":"inherit","type":"attachment","link":"http:\/\/www.rumoasantiago.com\/frances\/2011\/07\/07\/rumo-a-santiago-no-jornal-reconquista\/reconquista_070611\/","title":{"rendered":"Reportagem do jornal &#8220;Reconquista&#8221; na edi\u00e7\u00e3o semanal de 7 de Julho de 2011"},"author":1,"comment_status":"open","ping_status":"open","template":"","meta":[],"yoast_head":"<!-- This site is optimized with the Yoast SEO plugin v20.10 - https:\/\/yoast.com\/wordpress\/plugins\/seo\/ -->\n<title>Reportagem do jornal &quot;Reconquista&quot; na edi\u00e7\u00e3o semanal de 7 de Julho de 2011 - Caminho Franc\u00eas de Santiago<\/title>\n<meta name=\"robots\" content=\"index, follow, max-snippet:-1, max-image-preview:large, max-video-preview:-1\" \/>\n<link rel=\"canonical\" href=\"http:\/\/www.rumoasantiago.com\/frances\/files\/2011\/07\/reconquista_070611.jpg\" \/>\n<meta name=\"twitter:card\" content=\"summary_large_image\" \/>\n<meta name=\"twitter:title\" content=\"Reportagem do jornal &quot;Reconquista&quot; na edi\u00e7\u00e3o semanal de 7 de Julho de 2011 - Caminho Franc\u00eas de Santiago\" \/>\n<meta name=\"twitter:image\" content=\"http:\/\/www.rumoasantiago.com\/frances\/files\/2011\/07\/reconquista_070611.jpg\" \/>\n<script type=\"application\/ld+json\" class=\"yoast-schema-graph\">{\"@context\":\"https:\/\/schema.org\",\"@graph\":[{\"@type\":\"WebPage\",\"@id\":\"http:\/\/www.rumoasantiago.com\/frances\/files\/2011\/07\/reconquista_070611.jpg\",\"url\":\"http:\/\/www.rumoasantiago.com\/frances\/files\/2011\/07\/reconquista_070611.jpg\",\"name\":\"Reportagem do jornal \\\"Reconquista\\\" na edi\u00e7\u00e3o semanal de 7 de Julho de 2011 - Caminho Franc\u00eas de Santiago\",\"isPartOf\":{\"@id\":\"https:\/\/www.rumoasantiago.com\/frances\/#website\"},\"datePublished\":\"2011-07-07T17:05:53+00:00\",\"dateModified\":\"2011-07-07T17:05:53+00:00\",\"breadcrumb\":{\"@id\":\"http:\/\/www.rumoasantiago.com\/frances\/files\/2011\/07\/reconquista_070611.jpg#breadcrumb\"},\"inLanguage\":\"pt-PT\",\"potentialAction\":[{\"@type\":\"ReadAction\",\"target\":[\"http:\/\/www.rumoasantiago.com\/frances\/files\/2011\/07\/reconquista_070611.jpg\"]}]},{\"@type\":\"BreadcrumbList\",\"@id\":\"http:\/\/www.rumoasantiago.com\/frances\/files\/2011\/07\/reconquista_070611.jpg#breadcrumb\",\"itemListElement\":[{\"@type\":\"ListItem\",\"position\":1,\"name\":\"Home\",\"item\":\"https:\/\/www.rumoasantiago.com\/frances\/\"},{\"@type\":\"ListItem\",\"position\":2,\"name\":\"Rumo a Santiago no jornal Reconquista\",\"item\":\"https:\/\/www.rumoasantiago.com\/frances\/2011\/07\/07\/rumo-a-santiago-no-jornal-reconquista\/\"},{\"@type\":\"ListItem\",\"position\":3,\"name\":\"Reportagem do jornal &#8220;Reconquista&#8221; na edi\u00e7\u00e3o semanal de 7 de Julho de 2011\"}]},{\"@type\":\"WebSite\",\"@id\":\"https:\/\/www.rumoasantiago.com\/frances\/#website\",\"url\":\"https:\/\/www.rumoasantiago.com\/frances\/\",\"name\":\"Caminho Franc\u00eas de Santiago\",\"description\":\"Travessia do Caminho Franc\u00eas\",\"potentialAction\":[{\"@type\":\"SearchAction\",\"target\":{\"@type\":\"EntryPoint\",\"urlTemplate\":\"https:\/\/www.rumoasantiago.com\/frances\/?s={search_term_string}\"},\"query-input\":\"required name=search_term_string\"}],\"inLanguage\":\"pt-PT\"}]}<\/script>\n<!-- \/ Yoast SEO plugin. -->","yoast_head_json":{"title":"Reportagem do jornal \"Reconquista\" na edi\u00e7\u00e3o semanal de 7 de Julho de 2011 - Caminho Franc\u00eas de Santiago","robots":{"index":"index","follow":"follow","max-snippet":"max-snippet:-1","max-image-preview":"max-image-preview:large","max-video-preview":"max-video-preview:-1"},"canonical":"http:\/\/www.rumoasantiago.com\/frances\/files\/2011\/07\/reconquista_070611.jpg","twitter_card":"summary_large_image","twitter_title":"Reportagem do jornal \"Reconquista\" na edi\u00e7\u00e3o semanal de 7 de Julho de 2011 - Caminho Franc\u00eas de Santiago","twitter_image":"http:\/\/www.rumoasantiago.com\/frances\/files\/2011\/07\/reconquista_070611.jpg","schema":{"@context":"https:\/\/schema.org","@graph":[{"@type":"WebPage","@id":"http:\/\/www.rumoasantiago.com\/frances\/files\/2011\/07\/reconquista_070611.jpg","url":"http:\/\/www.rumoasantiago.com\/frances\/files\/2011\/07\/reconquista_070611.jpg","name":"Reportagem do jornal \"Reconquista\" na edi\u00e7\u00e3o semanal de 7 de Julho de 2011 - Caminho Franc\u00eas de Santiago","isPartOf":{"@id":"https:\/\/www.rumoasantiago.com\/frances\/#website"},"datePublished":"2011-07-07T17:05:53+00:00","dateModified":"2011-07-07T17:05:53+00:00","breadcrumb":{"@id":"http:\/\/www.rumoasantiago.com\/frances\/files\/2011\/07\/reconquista_070611.jpg#breadcrumb"},"inLanguage":"pt-PT","potentialAction":[{"@type":"ReadAction","target":["http:\/\/www.rumoasantiago.com\/frances\/files\/2011\/07\/reconquista_070611.jpg"]}]},{"@type":"BreadcrumbList","@id":"http:\/\/www.rumoasantiago.com\/frances\/files\/2011\/07\/reconquista_070611.jpg#breadcrumb","itemListElement":[{"@type":"ListItem","position":1,"name":"Home","item":"https:\/\/www.rumoasantiago.com\/frances\/"},{"@type":"ListItem","position":2,"name":"Rumo a Santiago no jornal Reconquista","item":"https:\/\/www.rumoasantiago.com\/frances\/2011\/07\/07\/rumo-a-santiago-no-jornal-reconquista\/"},{"@type":"ListItem","position":3,"name":"Reportagem do jornal &#8220;Reconquista&#8221; na edi\u00e7\u00e3o semanal de 7 de Julho de 2011"}]},{"@type":"WebSite","@id":"https:\/\/www.rumoasantiago.com\/frances\/#website","url":"https:\/\/www.rumoasantiago.com\/frances\/","name":"Caminho Franc\u00eas de Santiago","description":"Travessia do Caminho Franc\u00eas","potentialAction":[{"@type":"SearchAction","target":{"@type":"EntryPoint","urlTemplate":"https:\/\/www.rumoasantiago.com\/frances\/?s={search_term_string}"},"query-input":"required name=search_term_string"}],"inLanguage":"pt-PT"}]}},"description":{"rendered":"<p class=\"attachment\"><a href='http:\/\/www.rumoasantiago.com\/frances\/files\/2011\/07\/reconquista_070611.jpg'><img width=\"140\" height=\"300\" src=\"http:\/\/www.rumoasantiago.com\/frances\/files\/2011\/07\/reconquista_070611-140x300.jpg\" class=\"attachment-medium size-medium\" alt=\"Rumo a Santiago 2011 no jornal Reconquista\" decoding=\"async\" loading=\"lazy\" srcset=\"http:\/\/www.rumoasantiago.com\/frances\/files\/2011\/07\/reconquista_070611-140x300.jpg 140w, http:\/\/www.rumoasantiago.com\/frances\/files\/2011\/07\/reconquista_070611-480x1024.jpg 480w, http:\/\/www.rumoasantiago.com\/frances\/files\/2011\/07\/reconquista_070611.jpg 768w\" sizes=\"(max-width: 140px) 100vw, 140px\" \/><\/a><\/p>\n<div class=\"al2fb_like_button\"><div id=\"fb-root\"><\/div><script type=\"text\/javascript\">\n(function(d, s, id) {\n  var js, fjs = d.getElementsByTagName(s)[0];\n  if (d.getElementById(id)) return;\n  js = d.createElement(s); js.id = id;\n  js.src = \"\/\/connect.facebook.net\/pt_PT\/all.js#xfbml=1&appId=118672068213591\";\n  fjs.parentNode.insertBefore(js, fjs);\n}(document, \"script\", \"facebook-jssdk\"));\n<\/script>\n<fb:like href=\"http:\/\/www.rumoasantiago.com\/frances\/2011\/07\/07\/rumo-a-santiago-no-jornal-reconquista\/reconquista_070611\/\" layout=\"button_count\" show_faces=\"true\" share=\"false\" width=\"450\" action=\"like\" font=\"arial\" colorscheme=\"light\" ref=\"AL2FB\"><\/fb:like><\/div>"},"caption":{"rendered":""},"alt_text":"Rumo a Santiago 2011 no jornal Reconquista","media_type":"image","mime_type":"image\/jpeg","media_details":{"width":"768","height":"1638","hwstring_small":"height='96' width='45'","file":"2011\/07\/reconquista_070611.jpg","sizes":{"thumbnail":{"file":"reconquista_070611-150x150.jpg","width":"150","height":"150","source_url":"http:\/\/www.rumoasantiago.com\/frances\/files\/2011\/07\/reconquista_070611-150x150.jpg"},"medium":{"file":"reconquista_070611-140x300.jpg","width":"140","height":"300","source_url":"http:\/\/www.rumoasantiago.com\/frances\/files\/2011\/07\/reconquista_070611-140x300.jpg"},"large":{"file":"reconquista_070611-480x1024.jpg","width":"480","height":"1024","source_url":"http:\/\/www.rumoasantiago.com\/frances\/files\/2011\/07\/reconquista_070611-480x1024.jpg"},"ptentry-thumb":{"file":"reconquista_070611-184x184.jpg","width":"184","height":"184","source_url":"http:\/\/www.rumoasantiago.com\/frances\/files\/2011\/07\/reconquista_070611-184x184.jpg"},"ptgallery-thumb":{"file":"reconquista_070611-207x136.jpg","width":"207","height":"136","source_url":"http:\/\/www.rumoasantiago.com\/frances\/files\/2011\/07\/reconquista_070611-207x136.jpg"},"home-blurb":{"file":"reconquista_070611-56x56.jpg","width":"56","height":"56","source_url":"http:\/\/www.rumoasantiago.com\/frances\/files\/2011\/07\/reconquista_070611-56x56.jpg"},"home-media":{"file":"reconquista_070611-140x72.jpg","width":"140","height":"72","source_url":"http:\/\/www.rumoasantiago.com\/frances\/files\/2011\/07\/reconquista_070611-140x72.jpg"},"usual-thumb":{"file":"reconquista_070611-200x200.jpg","width":"200","height":"200","source_url":"http:\/\/www.rumoasantiago.com\/frances\/files\/2011\/07\/reconquista_070611-200x200.jpg"},"featured-thumb1":{"file":"reconquista_070611-306x191.jpg","width":"306","height":"191","source_url":"http:\/\/www.rumoasantiago.com\/frances\/files\/2011\/07\/reconquista_070611-306x191.jpg"},"featured-thumb2":{"file":"reconquista_070611-330x210.jpg","width":"330","height":"210","source_url":"http:\/\/www.rumoasantiago.com\/frances\/files\/2011\/07\/reconquista_070611-330x210.jpg"},"ptportfolio-thumb":{"file":"reconquista_070611-260x170.jpg","width":"260","height":"170","source_url":"http:\/\/www.rumoasantiago.com\/frances\/files\/2011\/07\/reconquista_070611-260x170.jpg"},"ptportfolio-thumb2":{"file":"reconquista_070611-260x315.jpg","width":"260","height":"315","source_url":"http:\/\/www.rumoasantiago.com\/frances\/files\/2011\/07\/reconquista_070611-260x315.jpg"},"ptportfolio-thumb3":{"file":"reconquista_070611-140x94.jpg","width":"140","height":"94","source_url":"http:\/\/www.rumoasantiago.com\/frances\/files\/2011\/07\/reconquista_070611-140x94.jpg"},"ptportfolio-thumb4":{"file":"reconquista_070611-140x170.jpg","width":"140","height":"170","source_url":"http:\/\/www.rumoasantiago.com\/frances\/files\/2011\/07\/reconquista_070611-140x170.jpg"},"ptportfolio-thumb5":{"file":"reconquista_070611-430x283.jpg","width":"430","height":"283","source_url":"http:\/\/www.rumoasantiago.com\/frances\/files\/2011\/07\/reconquista_070611-430x283.jpg"},"ptportfolio-thumb6":{"file":"reconquista_070611-430x860.jpg","width":"430","height":"860","source_url":"http:\/\/www.rumoasantiago.com\/frances\/files\/2011\/07\/reconquista_070611-430x860.jpg"},"full":{"file":"reconquista_070611.jpg","width":768,"height":1638,"mime_type":"image\/jpeg","source_url":"http:\/\/www.rumoasantiago.com\/frances\/files\/2011\/07\/reconquista_070611.jpg"}},"image_meta":{"aperture":"0","credit":"","camera":"","caption":"","created_timestamp":"0","copyright":"","focal_length":"0","iso":"0","shutter_speed":"0","title":""}},"post":633,"source_url":"http:\/\/www.rumoasantiago.com\/frances\/files\/2011\/07\/reconquista_070611.jpg","_links":{"self":[{"href":"http:\/\/www.rumoasantiago.com\/frances\/wp-json\/wp\/v2\/media\/632"}],"collection":[{"href":"http:\/\/www.rumoasantiago.com\/frances\/wp-json\/wp\/v2\/media"}],"about":[{"href":"http:\/\/www.rumoasantiago.com\/frances\/wp-json\/wp\/v2\/types\/attachment"}],"author":[{"embeddable":true,"href":"http:\/\/www.rumoasantiago.com\/frances\/wp-json\/wp\/v2\/users\/1"}],"replies":[{"embeddable":true,"href":"http:\/\/www.rumoasantiago.com\/frances\/wp-json\/wp\/v2\/comments?post=632"}]}}

Reportagem do jornal &#8220;Reconquista&#8221; na edição semanal de 7 de Julho de 2011

<!-- This site is optimized with the Yoast SEO plugin v20.10 - https://yoast.com/wordpress/plugins/seo/ -->
<title>Reportagem do jornal &quot;Reconquista&quot; na edição semanal de 7 de Julho de 2011 - Caminho Francês de Santiago</title>
<meta name="robots" content="index, follow, max-snippet:-1, max-image-preview:large, max-video-preview:-1" />
<link rel="canonical" href="http://www.rumoasantiago.com/frances/files/2011/07/reconquista_070611.jpg" />
<meta name="twitter:card" content="summary_large_image" />
<meta name="twitter:title" content="Reportagem do jornal &quot;Reconquista&quot; na edição semanal de 7 de Julho de 2011 - Caminho Francês de Santiago" />
<meta name="twitter:image" content="http://www.rumoasantiago.com/frances/files/2011/07/reconquista_070611.jpg" />
<script type="application/ld+json" class="yoast-schema-graph">{"@context":"https://schema.org","@graph":[{"@type":"WebPage","@id":"http://www.rumoasantiago.com/frances/files/2011/07/reconquista_070611.jpg","url":"http://www.rumoasantiago.com/frances/files/2011/07/reconquista_070611.jpg","name":"Reportagem do jornal \"Reconquista\" na edição semanal de 7 de Julho de 2011 - Caminho Francês de Santiago","isPartOf":{"@id":"https://www.rumoasantiago.com/frances/#website"},"datePublished":"2011-07-07T17:05:53+00:00","dateModified":"2011-07-07T17:05:53+00:00","breadcrumb":{"@id":"http://www.rumoasantiago.com/frances/files/2011/07/reconquista_070611.jpg#breadcrumb"},"inLanguage":"pt-PT","potentialAction":[{"@type":"ReadAction","target":["http://www.rumoasantiago.com/frances/files/2011/07/reconquista_070611.jpg"]}]},{"@type":"BreadcrumbList","@id":"http://www.rumoasantiago.com/frances/files/2011/07/reconquista_070611.jpg#breadcrumb","itemListElement":[{"@type":"ListItem","position":1,"name":"Home","item":"https://www.rumoasantiago.com/frances/"},{"@type":"ListItem","position":2,"name":"Rumo a Santiago no jornal Reconquista","item":"https://www.rumoasantiago.com/frances/2011/07/07/rumo-a-santiago-no-jornal-reconquista/"},{"@type":"ListItem","position":3,"name":"Reportagem do jornal &#8220;Reconquista&#8221; na edição semanal de 7 de Julho de 2011"}]},{"@type":"WebSite","@id":"https://www.rumoasantiago.com/frances/#website","url":"https://www.rumoasantiago.com/frances/","name":"Caminho Francês de Santiago","description":"Travessia do Caminho Francês","potentialAction":[{"@type":"SearchAction","target":{"@type":"EntryPoint","urlTemplate":"https://www.rumoasantiago.com/frances/?s={search_term_string}"},"query-input":"required name=search_term_string"}],"inLanguage":"pt-PT"}]}</script>
<!-- / Yoast SEO plugin. -->

Reportagem do jornal "Reconquista" na edição semanal de 7 de Julho de 2011 - Caminho Francês de Santiago

Caminho Francês de Santiago

Travessia do Caminho Francês
